{"id":33,"date":"2015-04-29T08:00:44","date_gmt":"2015-04-29T08:00:44","guid":{"rendered":"http:\/\/www.brandes-innovation.com\/?page_id=33"},"modified":"2015-08-06T22:27:42","modified_gmt":"2015-08-06T22:27:42","slug":"ideen-und-innovationen","status":"publish","type":"page","link":"https:\/\/www.brandes-innovation.com\/?page_id=33","title":{"rendered":"Ideen und Innovationen"},"content":{"rendered":"<p>Wir schaffen Mehrwerte durch die Verbindung von Ingenieurskunst und Ideenmanagement. Wir bringen Ideen zur Marktreife. Wir forschen mit Ihnen und bringen Ideen auf den Weg.\u00a0Mit Ihnen.<\/p>\n<blockquote><p>Eine Idee ist nur so gut, wie Ihr Erfolg. Deshalb m\u00fcssen Ideen sorgsam und behutsam zur Marktf\u00e4higkeit entwickelt werden. Viele Rahmenbedingungen m\u00fcssen beachtet und gestaltet werden, um ans Ziel zu gelangen.<\/p><\/blockquote>\n<p>Wir setzen auf einen von langer Erfahrung getragenes Ideenkonzept.<\/p>\n<p>Wir setzen dabei sowohl Ihre und unsere speziellen und projektabh\u00e4ngigen F\u00e4higkeit gezielt und zum Projektwohl ein.<\/p>\n<p>Dar\u00fcber hinaus setzen wir auf ein Industrie- und Hochschul\u00fcbergreifendes Expertennetzwerk, um Forschung zur Marktreife zu bringen.<\/p>\n","protected":false},"excerpt":{"rendered":"<p>Eine Idee ist nur so gut, wie Ihr Erfolg.<\/p>\n","protected":false},"author":1,"featured_media":116,"parent":0,"menu_order":3,"comment_status":"open","ping_status":"open","template":"","meta":{"footnotes":""},"class_list":["post-33","page","type-page","status-publish","has-post-thumbnail","hentry"],"_links":{"self":[{"href":"https:\/\/www.brandes-innovation.com\/index.php?rest_route=\/wp\/v2\/pages\/33","targetHints":{"allow":["GET"]}}],"collection":[{"href":"https:\/\/www.brandes-innovation.com\/index.php?rest_route=\/wp\/v2\/pages"}],"about":[{"href":"https:\/\/www.brandes-innovation.com\/index.php?rest_route=\/wp\/v2\/types\/page"}],"author":[{"embeddable":true,"href":"https:\/\/www.brandes-innovation.com\/index.php?rest_route=\/wp\/v2\/users\/1"}],"replies":[{"embeddable":true,"href":"https:\/\/www.brandes-innovation.com\/index.php?rest_route=%2Fwp%2Fv2%2Fcomments&post=33"}],"version-history":[{"count":5,"href":"https:\/\/www.brandes-innovation.com\/index.php?rest_route=\/wp\/v2\/pages\/33\/revisions"}],"predecessor-version":[{"id":185,"href":"https:\/\/www.brandes-innovation.com\/index.php?rest_route=\/wp\/v2\/pages\/33\/revisions\/185"}],"wp:featuredmedia":[{"embeddable":true,"href":"https:\/\/www.brandes-innovation.com\/index.php?rest_route=\/wp\/v2\/media\/116"}],"wp:attachment":[{"href":"https:\/\/www.brandes-innovation.com\/index.php?rest_route=%2Fwp%2Fv2%2Fmedia&parent=33"}],"curies":[{"name":"wp","href":"https:\/\/api.w.org\/{rel}","templated":true}]}}